+ 9*u**2 - 25*u - 235. What is t(-9)?
-10
Let w(p) = 21*p**3 - 2*p**2 + 79*p - 235. Give w(3).
551
Let s(n) = -24*n**2 - 16990*n - 439928. Calculate s(-681).
-2
Let v(u) = 1442146*u + 27400770. What is v(-19)?
-4
Let y(x) = -1658*x + 10065. What is y(6)?
117
Let i(w) = -w**2 - 44*w - 195. Calculate i(-8).
93
Let i(y) = -y**3 - 77*y**2 + 127*y - 399. Calculate i(-79).
2050
Let a(k) = -4534*k + 1573419. What is a(347)?
121
Let f(h) = -h**2 - 1927*h - 117435. Determine f(-63).
-3
Let s(t) = 3*t**2 + 65*t - 113. What is s(-29)?
525
Let j(p) = 2*p**3 + 212*p**2 + 47*p + 491. Calculate j(-106).
-4491
Let c(b) = 2*b**3 - 13*b**2 - 180*b + 149. Determine c(12).
-427
Let v(m) = -m**2 - 215*m - 4046. Calculate v(-21).
28
Let t(f) = -2590*f + 52026. Determine t(20).
226
Let b(u) = 5394*u - 609522. Determine b(113).
0
Let t(o) = 7*o**2 - 1117*o - 49293. What is t(-36)?
-9
Let o(m) = 117*m**3 + 1640*m**2 + 28*m - 5. Give o(-14).
-5
Let x(b) = -734*b**2 + 46273*b - 1955. Calculate x(63).
-2
Let c(u) = -49*u**2 + 54*u + 819. Determine c(-7).
-1960
Let p(j) = 9*j**2 + 47*j + 237. Calculate p(-11).
809
Let p(h) = -h**2 - 200*h + 255250. Give p(415).
25
Let t(v) = 4*v**2 - 17818*v - 8. Give t(0).
-8
Let m(q) = -87*q + 11068. What is m(113)?
1237
Let x(w) = 52*w**3 + 1702*w**2 - 443*w + 628. Calculate x(-33).
1
Let c(v) = -57*v**2 + 309*v - 122. Give c(5).
-2
Let f(r) = 20*r**2 - 92*r + 265. What is f(2)?
161
Let i(c) = -c**3 - 28*c**2 + 880*c + 24692. Give i(-29).
13
Let n(x) = 2557*x + 1723489. Give n(-674).
71
Let r(b) = b**3 + 84*b**2 + 136*b + 42882. Calculate r(-88).
-62
Let n(i) = 8*i**3 + 89*i**2 + 27364*i + 300875. Give n(-11).
-8
Let d(w) = -8*w**2 + 151*w + 393. What is d(22)?
-157
Let t(i) = -687*i + 8677. What is t(12)?
433
Let w(q) = -548479*q + 12066536. Determine w(22).
-2
Let g(i) = 68*i**3 - 4136*i**2 + 11139*i - 200. Calculate g(58).
-26
Let h(y) = -731*y + 2171. What is h(3)?
-22
Let m(g) = -4*g**3 - 107*g**2 - 16*g + 1553. Determine m(-26).
-59
Let p(z) = 8074*z + 153498. What is p(-19)?
92
Let m(l) = -6742*l**3 + 40455*l**2 - 3*l - 80. Calculate m(6).
10
Let k(q) = -179*q**2 + 3604*q - 16464. Calculate k(7).
-7
Let r(x) = 39105*x + 78261. Calculate r(-2).
51
Let r(g) = 7*g**3 - 710*g**2 + 1685*g - 251. What is r(99)?
-53
Let d(b) = -b**2 + 112*b + 16839. Give d(-84).
375
Let i(x) = 115348*x - 461393. Determine i(4).
-1
Let f(k) = 986*k + 5700. Calculate f(-6).
-216
Let u(o) = -5*o**2 + 300*o + 5998. Determine u(-20).
-2002
Let s(h) = h**3 - 1205*h**2 - 113786*h - 185. What is s(-88)?
-9
Let q(o) = -1240*o**3 - 370*o**2 - 3*o - 2. Determine q(-1).
871
Let u(q) = -328*q**3 - 7*q**2 + 18*q + 21. Give u(-1).
324
Let l(t) = 279320*t - 258. Give l(0).
-258
Let o(s) = -6*s**2 + 1619*s + 1305. Calculate o(271).
-592
Let m(x) = -x**3 - 81*x**2 + 707*x - 351. Calculate m(-89).
94
Let b(f) = -108*f + 10726. What is b(111)?
-1262
Let q(d) = 4*d**2 + 121*d + 1396. What is q(-12)?
520
Let b(t) = 22*t**2 - 216*t + 1651. Determine b(8).
1331
Let s(f) = -275*f**2 + 12415*f - 1810. Give s(45).
-10
Let p(b) = 107734*b + 754001. Give p(-7).
-137
Let d(b) = 5*b**3 - 83*b**2 - 19939*b - 353. Give d(72).
7
Let q(u) = -6*u**2 + 1166*u + 12237. Calculate q(-10).
-23
Let b(i) = -355*i**2 - 52535*i + 732. Give b(-148).
-8
Let w(g) = 49*g**2 - 17948*g + 5129. Give w(366).
5
Let u(j) = -6221*j - 790445. Give u(-127).
-378
Let u(a) = a**3 - a**2 - 255*a + 722. Calculate u(3).
-25
Let c(b) = -b**3 + 40*b**2 + 7410*b - 45683. Calculate c(6).
1
Let t(f) = -20*f**2 + 1677*f - 16657. What is t(10)?
-1887
Let y(q) = -314*q + 23247. Calculate y(74).
11
Let s(f) = 145*f - 7320. Determine s(55).
655
Let i(p) = -p**2 + 663*p - 4518. Calculate i(7).
74
Let o(f) = -5*f**2 + 21*f + 143. Determine o(-7).
-249
Let j(r) = 69*r**2 - 468*r + 251. What is j(6)?
-73
Let n(u) = 281*u + 62320. Calculate n(-224).
-624
Let u(k) = -7613*k - 43444. What is u(-6)?
2234
Let u(k) = -25177*k - 201391. What is u(-8)?
25
Let j(d) = -2*d**2 - 376*d - 17543. Determine j(-100).
57
Let y(k) = -32*k**2 + 1293*k - 603. What is y(40)?
-83
Let m(v) = 3*v**3 + 67*v**2 + 257*v + 1275. Determine m(-19).
2
Let s(l) = -2*l**3 - 265*l**2 + 391*l - 1470. Determine s(-134).
4
Let w(n) = 2*n**3 - 166*n**2 + 623*n + 762. Give w(79).
51
Let q(v) = 2*v**3 - 50*v**2 - 1184*v + 233. Give q(-15).
-7
Let b(k) = -k**3 - 29*k**2 - 186*k - 251. Give b(-6).
37
Let f(d) = 4*d**3 + 3*d**2 + 342*d - 3037. Calculate f(9).
3200
Let h(x) = 1062*x**2 + 18024*x - 470. What is h(-17)?
40
Let w(l) = l**3 - 74*l**2 - 639*l - 1431. Calculate w(82).
-37
Let t(q) = 200*q - 10254. Calculate t(44).
-1454
Let q(g) = -6*g**2 + 598*g - 3211. Give q(94).
-15
Let i(f) = 17*f**2 - 247*f + 2086. Calculate i(9).
1240
Let z(g) = g**3 - 75*g**2 + 158*g + 463. Give z(73).
1339
Let a(g) = -3*g**2 + 116*g - 3533. Determine a(25).
-2508
Let a(j) = j**3 + 148*j**2 - 34152*j + 3378. What is a(125)?
3
Let t(i) = -17517*i - 105166. What is t(-6)?
-64
Let c(r) = 7*r**2 + 456*r + 5617. Determine c(-17).
-112
Let p(u) = -7*u**2 + 1064*u - 7159. Determine p(7).
-54
Let y(p) = 11037*p - 95. What is y(0)?
-95
Let u(l) = 9*l**3 - 1189*l**2 + 190*l - 7692. What is u(132)?
-36
Let s(z) = 980*z + 356715. Calculate s(-364).
-5
Let t(f) = 4*f**3 + 41*f**2 + 171*f + 412. Calculate t(-6).
-2
Let j(n) = -2092*n + 94278. What is j(45)?
138
Let j(l) = -8001*l - 3160370. Determine j(-395).
25
Let p(h) = h**3 + 767*h**2 + 2206*h - 65701. Determine p(-764).
3
Let f(h) = 2*h**3 + 9*h**2 + 29*h - 4706. What is f(0)?
-4706
Let h(y) = -93*y - 5538. What is h(-49)?
-981
Let q(m) = -3*m**2 - 1677*m + 1672. Determine q(1).
-8
Let s(l) = l**3 - 258*l**2 - 10119*l - 6509. What is s(-34)?
-15
Let p(r) = r**3 - 116*r**2 - 130*r + 436. Give p(117).
-1085
Let o(l) = -l**3 + 50*l**2 + 275*l + 225. Give o(-4).
-11
Let a(c) = -24434*c + 146484. Calculate a(6).
-120
Let n(v) = -v**3 - 152*v**2 - 3471*v + 92. Give n(-124).
-32
Let s(v) = -1563*v + 217293. Give s(139).
36
Let l(x) = 2*x**3 - 408*x**2 - 401*x - 1834. Calculate l(205).
11
Let b(c) = 1235*c - 52330. Calculate b(42).
-460
Let v(l) = 2249*l - 425066. Calculate v(189).
-5
Let b(l) = -22*l**3 + 168*l**2 - 6*l + 194. Give b(8).
-366
Let d(o) = -o**3 - 83*o**2 + 1705*o + 423. Give d(-100).
-77
Let z(o) = 2*o**2 + 1194*o - 4800. Give z(4).
8
Let d(u) = u**3 + 4*u**2 + 6*u - 7. Give d(-4).
-31
Let c(a) = -a**3 - 204*a**2 + 367*a + 33398. Give c(-205).
188
Let v(i) = 3*i**3 + 34*i**2 + 123*i + 1292. Calculate v(-12).
-472
Let a(m) = m**3 + 42*m**2 - 1199*m + 6403. What is a(8)?
11
Let s(p) = -1807*p + 489760. Calculate s(271).
63
Let w(n) = n**3 + 62*n**2 - 5206*n + 8139. Give w(-110).
-1
Let b(h) = -2*h**2 + 2*h + 7629. Give b(71).
-2311
Let s(n) = -147*n + 38377. Determine s(261).
10
Let w(l) = -2*l**2 - 417*l - 6530. Calculate w(-17).
-19
Let b(z) = -63460*z + 571206. Determine b(9).
66
Let a(m) = 23*m - 3902. Calculate a(154).
-360
Let w(i) = -183*i + 2860. Give w(16).
-68
Let h(p) = -p**2 - 3068*p + 33871. Calculate h(11).
2
Let l(f) = -3440*f + 10482. Determine l(3).
162
Let n(t) = -t**2 + 3261*t + 165537. Calculate n(-50).
-13
Let g(n) = 13*n**2 - 5059*n + 39657. Calculate g(8).
17
Let c(n) = -7*n**2 - 211002*n - 1054818. Calculate c(-5).
17
Let n(m) = -136*m**2 + 220*m + 9. Calculate n(5).
-2291
Let a(p) = p**3 + 177*p**2 + 3261*p - 2348. Determine a(-156).
-8
Let n(y) = -426*y - 67738. Give n(-159).
-4
Let b(a) = -370*a - 72071. Give b(-195).
79
Let r(z) = -z**2 + 4794*z - 1985899. Give r(458).
-11
Let h(z) = 5846*z + 17511. Determine h(-3).
-27
Let z(q) = 17849*q**2 + 267731*q - 60. Determine z(-15).
0
Let k(m) = -5*m**3 + 2964*m**2 + 596*m - 1657. Calculate k(593).
122
Let n(d) = -5873*d**2 + 35155*d + 492. Determine n(6).
-6
Let x(q) = -518*q - 6799. What is x(-13)?
-65
Let t(v) = -v**2 - 2461*v - 269847. What is t(-115)?
-57
Let k(d) = 1854*d - 1813208. Calculate k(978).
4
Let x(a) = -a**3 + 7*a**2 - 90586*a + 362304. Give x(4).
8
Let q(r) = r**3 - 32*r**2 + 204*r - 44. What is q(22)?
-396
Let z(i) = i**2 + 102*i - 6197. Calculate z(42).
-149
Let n(a) = -45*a - 3024. Give n(-29).
-1719
Let s(r) = -62*r**2 + 253*r + 967. Give s(6).
253
Let t(w) = 24*w**2 - 199*w - 4078. What is t(-10)?
312
Let v(y) = -20*y**2 + 1164*y - 295. Giv